e ((-4)/8)/((-1)/6). Suppose -2*o = 5*h - 41, 3*h - 13 - 34 = -4*o. Let c(z) = i + 0 + z - o. Calculate c(6).
1
Let q(g) be the first derivative of -3 + 2*g - 3/2*g**2 + 1/2*g**4 - 1/3*g**3. Give q(2).
8
Let p(d) = -16*d + 21. Let o(v) = 3*v - 4. Let r(c) = 11*o(c) + 2*p(c). Determine r(0).
-2
Let b(u) = 2*u**2 - 8*u - 13. Let h(z) be the second derivative of -2/3*z**3 - 3*z**2 + 3*z + 1/12*z**4 + 0. Let j(r) = -6*b(r) + 13*h(r). What is j(3)?
-3
Let j(v) = 2*v**3 + 4*v**2 + 4*v + 4. Let c(a) = 3*a**3 + 6*a**2 + 6*a + 6. Let k(y) = 5*c(y) - 8*j(y). Suppose s + 2 = -0. Give k(s).
2
Let m = 9 - 5. Suppose p + 18 = m*p. Let k(n) = -3 + 1 - 3*n + p. Determine k(3).
-5
Let h(d) = -d**2 + 3*d + 4. Let f(p) = p**2 - p - 2. Let u be f(-2). Determine h(u).
0
Let g(v) = -v**2 + 3*v + 2. Let n be ((-60)/(-40))/(2/(-4)). Give g(n).
-16
Suppose 2*q = -3*u + 16, 3*u - 7*u - 2*q + 22 = 0. Let b(p) = -1 + p - u + 1. Calculate b(0).
-6
Let h(b) = b**3 + 5*b**2 - 5*b - 2. Suppose -r - 16 = 2*a, 2*a + 2*a + 4*r + 40 = 0. Give h(a).
-8
Suppose -5*b = s + 17, 3*s - 2*b + 11 = -7*b. Suppose -s*j = 4*m + 3 - 10, -4*j = -5*m + 1. Let i(t) = -m - 5*t**2 - 6*t**2 + 0 - 2*t. Determine i(-1).
-10
Let z(m) = 2 + 2*m - 6 - 5 + 4. Calculate z(3).
1
Let v(r) be the first derivative of -5*r**4/4 - 2*r**3/3 + r - 22. Give v(1).
-6
Let n(l) be the third derivative of l**6/120 + l**5/6 + l**4/3 - 2*l**3/3 - 30*l**2. Give n(-9).
5
Let f(h) = -h**2 + 4*h + 6. Let z be f(5). Let p(b) = 1 + b + b**2 - 2 - 4*b**3 - z + 1. Calculate p(1).
-3
Let r be (-4)/6 - (-123)/9. Let a = -18 + r. Let d(t) = -t**3 - 5*t**2 + 2*t + 5. Give d(a).
-5
Let l(z) = -8*z - 3 - 4 + z**2 + 3*z. Suppose -t = -5*s - 31, 3*t + 0*s - 38 = 4*s. What is l(t)?
-1
Let b(u) be the first derivative of u**2/2 + u + 2. Let i be b(-1). Let p(g) = -2 - 2*g - g**2 + i*g - 2*g**2. Calculate p(-2).
-10
Let m = 84 - 83. Let h(i) = -i**3 - 2*i + 1. Determine h(m).
-2
Let v(d) = -d**3 - 2*d - 3. Let w(u) = u**2 + 9*u - 4. Let g be w(-9). Let r(c) = -c**3 - 4*c**2 - 2. Let t be r(g). Calculate v(t).
9
Let g(t) = 2*t**2 - 5*t - 3. Let k(r) = -r**2 - r - 4. Let b be k(0). Let p be 4/6*(1 + b). Let u be (2 - p) + 0/(-1). Calculate g(u).
9
Let p be 2/(-5) - (-22)/5. Suppose -k = 3*g - 14, 0 = -2*g - k - k + p. Suppose 0 = -2*x + x + g. Let j(r) = -r**2 + 4*r + 6. Give j(x).
-6
Let i(a) = -a + 11. Let z be i(8). Let m(f) = -3*f**z + 3*f**2 - 8 + 4*f**3 + 7. Determine m(-2).
3
Let w(g) = -g**2 + 6*g - 5. Let h be 0/(-8) - 1*-7. Suppose -2 = c - h. What is w(c)?
0
Let j = -5 + 1. Let u = -4 - j. Let a(f) = 0*f + f + f**2 + 0 + 2 - 5. Calculate a(u).
-3
Let m(c) be the third derivative of -c**4/8 + c**3/6 - 17*c**2. What is m(-2)?
7
Let k(r) = r + 1. Let f = 10 - 6. Let d(g) = -g**2 + 5*g + 3. Let j(o) = f*k(o) - d(o). Determine j(2).
3
Let d = 9 - 6. Let h be d + (-1 - (-5 + 2)). Let y(p) = -6 - p + h - 5. Determine y(0).
-6
Suppose 5*k + 3*b = 12 + 7, -4*k + b + 22 = 0. Let i(m) be the first derivative of -m**4/4 + 2*m**3 - 5*m**2/2 + 5*m + 2. Give i(k).
5
Suppose -a - 2 = 5*m, 4*m = a + 3*a + 8. Let f be 3/a*(-2)/3. Let y(c) = -f - 2*c**2 + c**2 + c + c**2 - 5*c**2. Give y(1).
-5
Let y be 5/(-15) - (-7)/3. Let p(d) = y + 1 + 2 + d + 2. Calculate p(0).
7
Let d(h) = h**3 - 3*h**2 + h. Let z(y) = -3*y**3 - 10*y**2 - 3*y + 3. Let x be z(-3). Give d(x).
3
Let t = -1 + 7. Let a(s) = -1 - 8*s**2 - 7*s + t*s - 8*s - s**3. Determine a(-6).
-19
Suppose c - 2*s - 5 = 0, c - 5*s = -2*s + 6. Let t(y) = -y**3 + 4*y**2 - y - 1. Calculate t(c).
5
Let u = 15 - 11. Suppose 2*n - 6 = -w, u*w + 2*n - 3*n = -21. Let a(m) = -m**2 - 2*m + 1. Determine a(w).
-7
Let u(j) = -j + 4*j + 3*j. Give u(-1).
-6
Let s be (-2)/4 - (-77)/14. Let u(c) be the third derivative of -c**6/120 + c**5/12 + c**4/8 - c**3 - 7*c**2. Determine u(s).
9
Let i(h) = h - 2. Let q be i(-5). Let k(p) = -p + 2. Calculate k(q).
9
Let x(p) = -p**2 + 2*p + 6. Let f(l) = l - 1. Let w(a) = -5*f(a) - x(a). Calculate w(8).
7
Let o(g) = g**2 - g. Let i be o(-2). Suppose -3*z = 0, 4*z = -y - 0 - i. Let b(v) be the second derivative of v**4/12 + v**3 + 3*v**2 + 2*v. Calculate b(y).
6
Let w(j) = -j**3 + 8*j**2 + 9*j - 5. Let o(q) = -q**2 + 11*q + 9. Let b be o(11). Calculate w(b).
-5
Let q(o) = o - 12. Let k be q(7). Let g(a) = a**3 + 4*a**2 - 4*a - 4. Give g(k).
-9
Let u(k) = -k**3 + 4*k**2 - 5. Suppose -f = 2*f. Suppose -5*x = 3*a - 22, f*x - 2*x - 4 = -2*a. What is u(a)?
-5
Let o(w) be the first derivative of w - 5/12*w**4 - 5/6*w**3 + 3 + 0*w**2 - 1/20*w**5. Let l(b) be the first derivative of o(b). Give l(-4).
4
Let j(n) = 7*n**2 - 9*n + 11. Let d(i) = -10*i**2 + 14*i - 16. Let l(q) = -5*d(q) - 7*j(q). What is l(6)?
-3
Let i(y) = y**3 - y + 7. Suppose -2*m - 20 = -20. Give i(m).
7
Let z be 19/7 - (-10)/35. Let c = z - 4. Let w(g) = 8*g + 1. What is w(c)?
-7
Let k be (2 + -2)/(4 - 3). Suppose w = -k - 6. Let p be (6/4)/(w/(-12)). Let c(a) = a**2 - 5*a + 3. Determine c(p).
-3
Suppose 14 = -8*v + 6. Let k = 11 + -8. Let o(n) = 0*n - k*n**2 + 0*n. Determine o(v).
-3
Suppose f + 15 = 5*b, 0 = 2*f - 0*f + b - 14. Let k(u) be the third derivative of 0 - 3*u**2 + 1/20*u**f + 0*u**3 + 1/24*u**4 + 0*u. Determine k(1).
4
Let n(v) = -13*v**2 + v - 1. Let z = -107 - -108. Give n(z).
-13
Let i(j) = -2*j**2 + 9. Let a(m) = m**2 - 5. Let n(b) = 7*a(b) + 3*i(b). Calculate n(0).
-8
Let w = 3 + 2. Let m be ((-6)/w)/(1/5). Let i(a) = -a - 1. Let n(l) = 1. Let d(x) = -i(x) + 5*n(x). Determine d(m).
0
Let k(q) be the first derivative of -q**5/60 - q**4/4 - 5*q**3/6 + q**2/2 + 2. Let l(h) be the second derivative of k(h). Give l(-4).
3
Let i(g) = -g**3 - 18*g**2 + 2*g + 39. Let p be i(-18). Let t(h) = 2*h. Calculate t(p).
6
Let v(k) = k**3 - 4*k**2 - k + 3. Suppose -2 = -n + o, -1 = 3*n - o - 11. Suppose -8 = -3*j + n. Determine v(j).
-1
Let q(l) = -l**2 + l + 2. Let u be q(0). Suppose -3*y + u = -y + 4*x, -y - 3 = 4*x. Suppose 36 = y*s + 11. Let z(g) = g**3 - 4*g**2 - 6*g + 3. Calculate z(s).
-2
Let z(q) = -q**3 + 5*q**2 + 7*q - 3. Let p(m) = 3*m**3 - 15*m**2 - 21*m + 10. Let k(y) = -4*p(y) - 11*z(y). What is k(6)?
-1
Let o(w) = w**2 + w. Let n be o(-2). Let c = 7 - 5. Let v(k) = -3*k + k + 3 - k**3 - 5 + 3*k**2 + k**c. What is v(n)?
2
Let r(b) = 5*b**2 + 3*b - 2. Let z(l) = 3*l**2 + 4*l**2 + 2*l**2 + 5*l - 4. Let h(o) = 7*r(o) - 4*z(o). Calculate h(3).
-4
Suppose 4*f = -f - 15. Let k(t) = -2*t - 1. Determine k(f).
5
Let u(r) = -2*r**2 + 10*r - 4. Let o be u(4). Let f(g) = g + 1. Calculate f(o).
5
Let q(w) = -w + 1. Let d be q(3). Let o(u) = u + 2. Determine o(d).
0
Let q = -7 - -12. Suppose q*i - 4*o = 13, 5*o = -3*i + 39 - 9. Suppose -5*v + i = -20. Let m(h) = h**2 - 3*h - 7. Determine m(v).
3
Let c(x) be the second derivative of 7*x - 1/20*x**5 + 1/2*x**3 + 2*x**2 - 1/4*x**4 + 0. Determine c(-4).
8
Let a(s) = s**2 - 5*s - 5. Suppose -3*y - 15 = 3*m, -4*m - 7 = -23. Let u be ((-5)/(-3))/(3/y). Let n be (4 + -2)*u/(-2). What is a(n)?
-5
Let i(y) = 118*y - 119*y + 1 + 0*y**2 - y**2. Give i(0).
1
Let r(a) = -3*a - 2. Let m be r(-2). Suppose m*h = h. Let i(p) = 2*p - p**3 + h + 3 + 4*p**3 + 3*p**2. Calculate i(-2).
-13
Let h = 4 + 0. Let l(v) = 3 - 99*v + 53*v + 47*v - 6. What is l(h)?
1
Let f(i) = -i**2 - 13. Suppose 0 = -21*m + 17*m. Determine f(m).
-13
Let c(u) be the first derivative of u**2/2 + 9*u + 23. Calculate c(-8).
1
Let s = -8 + 7. Let n be (3/6)/(s/(-6)). Suppose -5*b - 15 = 0, -n*a + 2*b = 10 - 1. Let p(d) = d**3 + 4*d**2 - 4*d. Give p(a).
-5
Let l(n) be the third derivative of -n**5/60 - n**4/6 - n**3/2 - 7*n**2. What is l(-4)?
-3
Let g be 2*(4 + -3 + -2). Let l(k) = -k**2 + 2*k + 2. What is l(g)?
-6
Let v(s) = s**3 - s - 15. Let k be (-2)/(-7) - (-4)/(-14). Determine v(k).
-15
Let k = -3 + 5. Let a(y) = 2*y**3 + 0*y**2 - y**3 + y**k - 2*y**2. What is a(2)?
4
Let v(r) = -6*r**2 - 8 + r**3 - 13*r + 0*r**3 - 3*r + 11*r. What is v(7)?
6
Let n(g) = g**3 + 6*g**2 - 2*g - 9. Let x be n(-6). Suppose 0 = 3*i - 15, -5*u + x*i = -i - 5. Let l = -10 + u. Let z(p) = 2*p + 6. What is z(l)?
-4
Suppose -4*g + 25 = g. Suppose 15 + g = 5*n. Let f(l) be the second derivative of l**5/20 - 5*l**4/12 + 5*l**3/6 - 3*l**2/2 + 3*l. What is f(n)?
1
Suppose -25 = 5*r + 4*m - 6*m, 5*m - 40 = 5*r. Let u be (-2 - -1)*-1 + r.